{"id":118,"date":"2025-06-18T11:09:04","date_gmt":"2025-06-18T09:09:04","guid":{"rendered":"https:\/\/ergotopie42.fr\/?page_id=118"},"modified":"2026-01-04T12:21:21","modified_gmt":"2026-01-04T11:21:21","slug":"mentions-legales","status":"publish","type":"page","link":"https:\/\/ergotopie42.fr\/index.php\/mentions-legales\/","title":{"rendered":"Mentions l\u00e9gales"},"content":{"rendered":"\n<p><strong>Coordonn\u00e9es pour l&rsquo;analyse de pratiques et la formation<\/strong><\/p>\n\n\n\n<p><a href=\"mailto:contact@mariedesnoyers.com\">app@ergotopie42.fr<\/a> | 07 71 02 91 90<\/p>\n\n\n\n<p>Ergotopie, Maloin Gillier Rebaud \u2013 analyse des pratiques professionnelles &amp; formation est une activit\u00e9 de CAP-SERVICES, coop\u00e9rative d\u2019activit\u00e9s et d\u2019emploi 11 Rue Duphot \u2013 69003 Lyon &#8211; Site web : <a href=\"http:\/\/www.cap-services.coop\/\" target=\"_blank\" rel=\"noreferrer noopener\">http:\/\/www.cap-services.coop\/<\/a><\/p>\n\n\n\n<p>D\u00e9claration d\u2019activit\u00e9 : RCS LYON B 402 636 757<br>Code APE : 8299Z<br>Num\u00e9ro SIRET : 402 636 757 00039<br>Num\u00e9ro d\u2019agr\u00e9ment formateur : 82 69 05195 69 &#8211; Cet enregistrement ne vaut pas agr\u00e9ment de l\u2019\u00c9tat<\/p>\n\n\n\n<p><strong>Coordonn\u00e9es pour l&rsquo;ergoth\u00e9rapie<\/strong><\/p>\n\n\n\n<p><a href=\"mailto:contact@mariedesnoyers.com\">contact@ergotopie42.fr<\/a> | 07 71 02 91 90<\/p>\n\n\n\n<p>Maloin Gillier Rebaud, 12 Cours Pierre Lucien Buisson, 42000 Saint-Etienne<\/p>\n\n\n\n<p>Num\u00e9ro SIRET : 99924186200013<\/p>\n","protected":false},"excerpt":{"rendered":"<p>Coordonn\u00e9es pour l&rsquo;analyse de pratiques et la formation app@ergotopie42.fr | 07 71 02 91 90 Ergotopie, Maloin Gillier Rebaud \u2013 analyse des pratiques professionnelles &amp; formation est une activit\u00e9 de CAP-SERVICES, coop\u00e9rative d\u2019activit\u00e9s et d\u2019emploi 11 Rue Duphot \u2013 69003 Lyon &#8211; Site web : http:\/\/www.cap-services.coop\/ D\u00e9claration d\u2019activit\u00e9 : RCS LYON B 402 636 757Code [&hellip;]<\/p>\n","protected":false},"author":1,"featured_media":0,"parent":0,"menu_order":0,"comment_status":"closed","ping_status":"closed","template":"","meta":{"footnotes":""},"class_list":["post-118","page","type-page","status-publish","hentry"],"_links":{"self":[{"href":"https:\/\/ergotopie42.fr\/index.php\/wp-json\/wp\/v2\/pages\/118","targetHints":{"allow":["GET"]}}],"collection":[{"href":"https:\/\/ergotopie42.fr\/index.php\/wp-json\/wp\/v2\/pages"}],"about":[{"href":"https:\/\/ergotopie42.fr\/index.php\/wp-json\/wp\/v2\/types\/page"}],"author":[{"embeddable":true,"href":"https:\/\/ergotopie42.fr\/index.php\/wp-json\/wp\/v2\/users\/1"}],"replies":[{"embeddable":true,"href":"https:\/\/ergotopie42.fr\/index.php\/wp-json\/wp\/v2\/comments?post=118"}],"version-history":[{"count":7,"href":"https:\/\/ergotopie42.fr\/index.php\/wp-json\/wp\/v2\/pages\/118\/revisions"}],"predecessor-version":[{"id":225,"href":"https:\/\/ergotopie42.fr\/index.php\/wp-json\/wp\/v2\/pages\/118\/revisions\/225"}],"wp:attachment":[{"href":"https:\/\/ergotopie42.fr\/index.php\/wp-json\/wp\/v2\/media?parent=118"}],"curies":[{"name":"wp","href":"https:\/\/api.w.org\/{rel}","templated":true}]}}