{"id":218,"date":"2026-01-02T16:38:19","date_gmt":"2026-01-02T15:38:19","guid":{"rendered":"https:\/\/ergotopie42.fr\/?page_id=218"},"modified":"2026-02-18T08:04:55","modified_gmt":"2026-02-18T07:04:55","slug":"financement-des-interventions-en-ergotherapie","status":"publish","type":"page","link":"https:\/\/ergotopie42.fr\/index.php\/financement-des-interventions-en-ergotherapie\/","title":{"rendered":"Financement des interventions en ergoth\u00e9rapie"},"content":{"rendered":"\n<p>Les s\u00e9ances d\u2019ergoth\u00e9rapie ne sont actuellement pas prises en charge par la S\u00e9curit\u00e9 sociale. Vous pouvez solliciter une <strong>aide financi\u00e8re<\/strong> aupr\u00e8s des organismes suivants&nbsp;:<\/p>\n\n\n\n<ul class=\"wp-block-list\">\n<li>Les <strong>prestations extra-l\u00e9gales<\/strong> de la CPAM (<em>caisses primaires d&rsquo;assurance maladie<\/em>),<\/li>\n<\/ul>\n\n\n\n<ul class=\"wp-block-list\">\n<li>Certaines <strong>mutuelles<\/strong> de sant\u00e9, selon votre contrat,<\/li>\n<\/ul>\n\n\n\n<ul class=\"wp-block-list\">\n<li>Le <strong>fonds de secours<\/strong> de votre mutuelle (y compris si le remboursement de s\u00e9ances d\u2019ergoth\u00e9rapie ne fait pas partie de votre contrat)<\/li>\n<\/ul>\n\n\n\n<ul class=\"wp-block-list\">\n<li>La <strong>MDPH<\/strong> (<em>maison d\u00e9partementale des personnes handicap\u00e9es<\/em>), via la PCH Frais sp\u00e9cifiques (<em>prestation de compensation du handicap<\/em>)<\/li>\n<\/ul>\n\n\n\n<ul class=\"wp-block-list\">\n<li>La <strong>MLA<\/strong> (<em>Maison Loire Autonomie<\/em>), via l\u2019APA (<em>Allocation personnalis\u00e9e d&rsquo;autonomie<\/em>), pour les 60 ans et plus<\/li>\n<\/ul>\n\n\n\n<ul class=\"wp-block-list\">\n<li>Certaines <strong>caisses de retraite<\/strong> ou caisses de retraites compl\u00e9mentaires<\/li>\n<\/ul>\n\n\n\n<ul class=\"wp-block-list\">\n<li>Certains <strong>comit\u00e9s d\u2019entreprise<\/strong><\/li>\n<\/ul>\n\n\n\n<ul class=\"wp-block-list\">\n<li>L\u2019<strong>ANAH<\/strong> (pour l\u2019am\u00e9nagement du domicile, <em>Agence nationale de l&rsquo;habitat<\/em>)<\/li>\n<\/ul>\n\n\n\n<ul class=\"wp-block-list\">\n<li><strong>SOLIHA<\/strong> (pour les travaux d&rsquo;accessibilit\u00e9 du logement)<\/li>\n<\/ul>\n\n\n\n<ul class=\"wp-block-list\">\n<li>Dans le cadre de l&rsquo;am\u00e9nagement de votre poste de travail, <strong>FIPHFP<\/strong> (secteur public, <em>Fonds pour l\u2019insertion des personnes handicap\u00e9es dans la Fonction publique<\/em>) ou <strong>AGEFIPH<\/strong> (secteur priv\u00e9, <em>Association de gestion du fonds pour l&rsquo;insertion des personnes handicap\u00e9es<\/em>)<\/li>\n<\/ul>\n","protected":false},"excerpt":{"rendered":"<p>Les s\u00e9ances d\u2019ergoth\u00e9rapie ne sont actuellement pas prises en charge par la S\u00e9curit\u00e9 sociale. Vous pouvez solliciter une aide financi\u00e8re aupr\u00e8s des organismes suivants&nbsp;:<\/p>\n","protected":false},"author":1,"featured_media":0,"parent":0,"menu_order":0,"comment_status":"closed","ping_status":"closed","template":"","meta":{"footnotes":""},"class_list":["post-218","page","type-page","status-publish","hentry"],"_links":{"self":[{"href":"https:\/\/ergotopie42.fr\/index.php\/wp-json\/wp\/v2\/pages\/218","targetHints":{"allow":["GET"]}}],"collection":[{"href":"https:\/\/ergotopie42.fr\/index.php\/wp-json\/wp\/v2\/pages"}],"about":[{"href":"https:\/\/ergotopie42.fr\/index.php\/wp-json\/wp\/v2\/types\/page"}],"author":[{"embeddable":true,"href":"https:\/\/ergotopie42.fr\/index.php\/wp-json\/wp\/v2\/users\/1"}],"replies":[{"embeddable":true,"href":"https:\/\/ergotopie42.fr\/index.php\/wp-json\/wp\/v2\/comments?post=218"}],"version-history":[{"count":2,"href":"https:\/\/ergotopie42.fr\/index.php\/wp-json\/wp\/v2\/pages\/218\/revisions"}],"predecessor-version":[{"id":230,"href":"https:\/\/ergotopie42.fr\/index.php\/wp-json\/wp\/v2\/pages\/218\/revisions\/230"}],"wp:attachment":[{"href":"https:\/\/ergotopie42.fr\/index.php\/wp-json\/wp\/v2\/media?parent=218"}],"curies":[{"name":"wp","href":"https:\/\/api.w.org\/{rel}","templated":true}]}}